 f(h) = -3*h**3 - 74*h**2 + 6*h + 947. What is f(-24)?
-349
Let j(b) = -2*b**3 + 4*b**2 + 468*b - 1414. Determine j(3).
-28
Let x(m) = -m**3 + 25*m**2 - 1604*m + 61618. Give x(33).
-26
Let g(v) = -15957*v + 95109. Give g(6).
-633
Let z(d) = -d**3 - 24*d**2 + 17*d - 44. What is z(-6)?
-794
Let v(t) = t**3 + 86*t**2 + 4097*t + 364023. Calculate v(-87).
15
Let t(q) = 36*q**2 + 449*q + 526. Give t(-11).
-57
Let v(m) = -182*m + 4371. Give v(30).
-1089
Let b(p) = 36586*p**2 + 73190*p + 30. Calculate b(-2).
-6
Let q(r) = -3482*r - 10577. Give q(-3).
-131
Let d(o) = o**2 + 724*o - 22653. Give d(30).
-33
Let m(g) = 3*g**3 + 598*g**2 - 4879*g + 17. Calculate m(8).
793
Let b(d) = 1265*d**2 - 20282*d + 704. What is b(16)?
32
Let g(c) = -1726*c**2 - 29344*c - 52. What is g(-17)?
-18
Let i(z) = 147937*z + 2366988. What is i(-16)?
-4
Let p(n) = -112*n**2 - 4007*n + 23977. Give p(6).
-4097
Let q(p) = p**2 + 15801*p - 919809. What is q(58)?
13
Let a(w) = 5*w**3 - 19*w**2 + 28*w + 80. Give a(-3).
-310
Let y(h) = -h**3 - 13*h**2 + 2471*h + 36969. What is y(-15)?
354
Let y(h) = -h**3 - 8*h**2 + 181*h + 254. Calculate y(-16).
-594
Let z(l) = -l**3 - 14*l**2 + 43*l + 281. Calculate z(5).
21
Let k(o) = 595*o + 10549. Determine k(-18).
-161
Let a(w) = -w**3 + 917*w**2 - 6112*w - 234785. What is a(910)?
-5
Let r(l) = -574568*l + 3447391. What is r(6)?
-17
Let n(w) = 4225*w - 342122. Give n(81).
103
Let p(s) = 17028*s + 272466. Give p(-16).
18
Let y(l) = -37*l**2 + 555*l - 3999. Calculate y(7).
-1927
Let y(b) = -b**2 - 391*b + 1565802. Give y(1071).
0
Let y(q) = -5*q**3 - 49*q**2 + 123*q + 12. Determine y(-12).
120
Let x(d) = -d**2 + 161*d + 9121. What is x(203)?
595
Let c(t) = 30459*t - 91379. Calculate c(3).
-2
Let p(w) = 373*w - 23301. Calculate p(76).
5047
Let m(z) = -12*z**3 - 307*z**2 - 948*z - 23. Determine m(-22).
21
Let t(k) = k**2 + 2184*k - 4382. What is t(2)?
-10
Let i(v) = -631*v + 29700. Determine i(47).
43
Let v(o) = 10962*o + 361442. Give v(-33).
-304
Let z(b) = 13*b**2 - 481*b + 4265. Give z(19).
-181
Let b(g) = -g**2 - 193*g - 8719. What is b(-72)?
-7
Let l(o) = -55*o**2 + 17*o + 896. What is l(6)?
-982
Let r(o) = -56*o**2 + 11509*o - 5902. Give r(205).
43
Let f(y) = -2859*y + 1303736. Give f(456).
32
Let o(c) = 84233*c**2 + 505465*c. Give o(-6).
-402
Let n(s) = 100064*s + 1100628. Determine n(-11).
-76
Let g(p) = p**2 - 29*p - 3807. Give g(71).
-825
Let b(p) = -5*p**3 - 1334*p**2 - 2386*p - 318. What is b(-265)?
-53
Let r(p) = 1521*p - 57918. Determine r(38).
-120
Let g(a) = a**2 + 9*a - 1136. Determine g(23).
-400
Let z(a) = -a**3 - 45*a**2 + 55898*a - 588. Calculate z(-260).
-68
Let f(d) = -660*d**2 - 23584*d + 6348. Give f(-36).
12
Let p(v) = v**2 - 190*v + 4465. Calculate p(27).
64
Let i(n) = -4830*n**2 - 38640*n + 6. Give i(-8).
6
Let n(s) = -266*s - 51302. Calculate n(-193).
36
Let j(o) = -10691*o + 534555. Give j(50).
5
Let c(s) = s**3 + 532*s**2 - 13502*s - 6912473. Give c(-533).
4
Let f(u) = -166*u + 12232. Determine f(50).
3932
Let a(o) = -19*o**3 + 53*o**2 + 191*o + 52. What is a(-4)?
1352
Let p(w) = -15103*w - 226587. Determine p(-15).
-42
Let o(q) = 335*q - 77528. What is o(232)?
192
Let r(s) = s**2 - 249*s + 1213. Calculate r(5).
-7
Let d(u) = -1771*u**3 - 9*u**2 + 134*u - 128. Calculate d(1).
-1774
Let y(o) = 23898*o - 215256. What is y(9)?
-174
Let w(v) = 613*v - 10417. What is w(17)?
4
Let f(d) = 2987*d - 755709. Give f(253).
2
Let n(d) = -3*d**2 + 1138*d - 3794. Determine n(376).
-34
Let h(g) = 14643*g - 322153. Calculate h(22).
-7
Let h(s) = -24*s**2 - 7682*s - 624. Calculate h(-320).
16
Let z(n) = -n**2 - 917*n - 182498. Calculate z(-625).
2
Let g(c) = 24*c**2 + 136*c - 1429. What is g(-11)?
-21
Let s(b) = 91*b**2 + 3787*b + 15177. Calculate s(-4).
1485
Let x(w) = 563*w**2 - 14598*w - 851. Give x(26).
189
Let d(v) = 758*v**2 - 263026*v + 45. Determine d(347).
45
Let i(p) = -2*p**3 - 16*p**2 - 122*p - 546. Determine i(-6).
42
Let s(r) = -73820*r + 369101. Give s(5).
1
Let d(m) = 3196*m - 466665. Calculate d(146).
-49
Let i(t) = 1156*t + 2151. What is i(-2)?
-161
Let i(z) = -63186*z + 1895577. What is i(30)?
-3
Let i(s) = -10*s**2 + 2776*s - 22110. Give i(8).
-542
Let a(d) = -45*d**2 - 37384*d - 186967. Give a(-5).
-1172
Let j(t) = 422*t + 51407. Determine j(-122).
-77
Let i(s) = s**3 - 306*s**2 - 2038*s + 343290. Determine i(309).
-9
Let f(p) = 13*p**2 + 1535*p - 9214. What is f(6)?
464
Let s(f) = 8*f**3 - 92*f**2 + 263*f - 89. Determine s(7).
-12
Let y(r) = 2*r**3 - 2*r**2 + 24*r + 463. Calculate y(0).
463
Let p(q) = -q**2 - 3393*q - 37215. Give p(-11).
-13
Let n(r) = -4*r**2 + 4868*r + 34130. What is n(-7)?
-142
Let q(i) = -174*i + 4413. Determine q(17).
1455
Let b(f) = -42*f**2 - 9255*f + 5940. Calculate b(-221).
-27
Let v(q) = -2*q**2 + 1913*q + 129580. What is v(1020)?
40
Let j(w) = 1151*w**2 - 50643*w + 29. Calculate j(44).
73
Let g(i) = 7*i**2 - 1216*i - 6590. What is g(179)?
33
Let y(k) = 138*k**3 + 2777*k**2 + 339*k + 10. Give y(-20).
30
Let f(a) = 57*a**3 - 14136*a**2 - 4*a + 979. What is f(248)?
-13
Let r(d) = -2*d**3 + 88*d**2 + 196*d - 1035. What is r(46)?
-483
Let s(j) = -406*j**3 + 10964*j**2 - 54*j + 19. What is s(27)?
19
Let z(w) = 2*w**2 + 1194323*w - 3582968. Calculate z(3).
19
Let r(j) = -11737*j - 58686. What is r(-5)?
-1
Let b(x) = -5621*x + 1557025. What is b(277)?
8
Let m(l) = 4*l**2 + 434*l + 6474. Give m(-18).
-42
Let f(k) = 25*k**2 - 728*k - 1584. Give f(31).
-127
Let k(i) = -7*i**3 - 397*i**2 + 162*i + 2782. Determine k(-57).
46
Let t(j) = -3920*j + 79232. Determine t(20).
832
Let d(q) = -5*q**3 - 372*q**2 + 605*q - 143. Calculate d(-76).
85
Let x(q) = 5*q**3 - 1283*q**2 - 512*q - 499. Calculate x(257).
15
Let g(n) = 19118*n + 1013245. What is g(-53)?
-9
Let j(h) = h**3 - 2*h**2 + 43*h + 17. Give j(-12).
-2515
Let j(y) = 36338*y + 944788. What is j(-26)?
0
Let s(i) = 4*i**3 - 29*i**2 + 138*i + 14. What is s(9)?
1823
Let w(j) = -1316*j + 22305. What is w(17)?
-67
Let o(p) = 2*p**2 + 1961*p - 45783. Determine o(23).
378
Let a(u) = 18*u**2 + 10324*u - 10335. Give a(1).
7
Let q(x) = 52*x**2 + 1404*x - 59. Calculate q(-27).
-59
Let u(q) = -4*q**3 - 36*q**2 - 29*q + 245. Give u(-5).
-10
Let d(i) = -i**3 + 28*i**2 + 266*i - 377. Determine d(35).
358
Let p(o) = 4663*o**2 - 270455*o + 55. Calculate p(58).
-3
Let x(d) = -968*d**2 - 14034*d - 6754. Give x(-14).
-6
Let r(y) = 1815*y - 48991. Determine r(27).
14
Let v(m) = m**3 - 16*m**2 + 11*m - 241. Calculate v(16).
-65
Let n(x) = -245*x**2 + 33078*x - 385. What is n(135)?
20
Let g(d) = -8*d**3 - 336*d**2 - 498*d - 6958. Give g(-41).
12
Let y(n) = -3*n**2 - 93*n + 165. Give y(-24).
669
Let a(p) = 317*p - 44826. Give a(146).
1456
Let l(o) = 19*o**3 + 11*o**2 - 970*o - 809. Give l(-7).
3
Let d(s) = 3*s**2 - 567*s + 16538. What is d(153)?
14
Let i(g) = -g**2 + 1305*g - 297260. Give i(294).
-26
Let l(d) = d**2 - 897*d + 29372. Give l(34).
30
Let k(z) = -z**2 - 428*z - 6633. What is k(-16)?
-41
Let o(c) = -c**3 + 96*c**2 - 1128*c - 305. Calculate o(82).
1335
Let i(q) = -361*q**2 + 39*q + 68. Give i(0).
68
Let s(t) = 19209*t + 1363842. What is s(-71)?
3
Let l(v) = -v**3 + 9*v**2 - 1664*v + 15017. Determine l(9).
41
Let x(d) = -d**3 - 485*d**2 - 11907*d + 696. What is x(-26)?
-6
Let g(w) = 1188*w - 4587. Determine g(4).
165
Let h(o) = o**3 - 104*o**2 - 4526*o + 30. Calculate h(137).
-655
Let p(c) = 11*c**2 + 264*c - 47. Give p(-26).
525
Let l(h) = -249*h - 2088. Calculate l(-8).
-96
Let x(a) = a**3 - 388*a**2 - 5223*a + 4003. What is x(401)?
-7
Let p(s) = -7226*s - 26739. Give p(-4).
2165
Let p(g) = 2*g**3 - 19*g**2 + 13*g + 11. Give p(12).
887
Let l(a) = -8*a**2 + 500*a + 16624. Calculate l(-24).
16
Let y(a) = 161*a - 4688. Determine y(31).
303
Let y(t) = 2*t**2 + 2425*t - 1779314. Give y(515).
11
Let s(y) = 3159*y - 20392. Determine s(7).
1721
Let v(u) = 3*u**3 + 32*u**2 + 20*u + 392. Give v(-10).
392
Let p(h) = -h**3 - 22*h**2 - 142*h - 710. Give p(-17).
259
Let f(s) = -4*s**2 + 47752*s + 191049. Give f(-4).
-23
Let q(n) = 8*n**3 - 82*n**2 - 112*n + 196. Give q(1).
10
Let h(d) = -d**2 - 224*d - 5132. Give h(-25).
-157
Let o(x) = 10*x**3 - 411*x**2 + 439*x + 17. What is o(40)?
-23
Let y(m) = 12*m**2 - 1425*m + 333. Determine y(118).
-729
Let p(f) = -31*f**3 + 1244*